(i)?
-11
Let q(g) = 3*g. Let p = 482 - 485. What is q(p)?
-9
Suppose 3*z - 5*n = -n - 51, -5*z = 3*n + 56. Let k = z - -16. Let m(c) = k - 6*c - 6*c - 2. What is m(1)?
-11
Let z(k) = -k**3 + 3*k**2 + 7*k. Let s(b) = -24 + 5 - 6*b + 9*b. Let q be s(8). Determine z(q).
-15
Let o(x) = 4*x + 111. Let j be o(-27). Let l(t) = -t**2 + 4*t - 2. Give l(j).
1
Let q(y) be the first derivative of y**2/2 - 15*y + 86. Calculate q(-12).
-27
Let a(i) = -16*i - 3 + 38*i - 16*i. Calculate a(-3).
-21
Let z(q) = q**2 - 1. Suppose -205*y + 3 = -206*y. Calculate z(y).
8
Let o(i) = -2*i**2 + i + 1. Let a be o(2). Let n(r) be the third derivative of -r**6/120 - r**5/15 + r**4/8 - r**3/6 + 156*r**2. Give n(a).
9
Let g(v) be the first derivative of -v**3/3 - 13*v**2/2 + 21*v - 181. Give g(-15).
-9
Suppose 74 = -9*p - 601. Let a = 73 + p. Let y(t) = -t**2 - 6*t - 3. What is y(a)?
5
Suppose -2*g + 4*c - 5 - 19 = 0, -4*g + 2 = 2*c. Let v(l) = 17*l + 4. What is v(g)?
-30
Let q(h) = 3*h**2 - 2*h**2 - 3 - 18 - 14*h + 8. Determine q(15).
2
Let g(r) be the first derivative of -r**5/30 + r**4/24 - 2*r**3/3 - 4. Let u(j) be the third derivative of g(j). Suppose y = 5*y - 8. Calculate u(y).
-7
Let x = 353 - 201. Let g = x + -148. Let b(r) = r**2 - 6*r + 0 + 0. Calculate b(g).
-8
Let a(p) be the first derivative of 28 + 3/2*p**2 - 4*p - 1/3*p**3. Determine a(3).
-4
Let c(d) = 3 - 4*d + 3*d**2 - 1 + d**2 + 1 - 67*d**3 + 66*d**3. What is c(4)?
-13
Suppose -m - 4*n = -5*n - 4, -3*m = -5*n - 16. Let a(f) = m + 2 + f + f**2 - 5 + 2. Let h(k) = k**2 + 2*k + 1. Let s(g) = 4*a(g) - 5*h(g). Give s(-3).
8
Let v(b) = b**2 + 4*b - 1. Suppose 0 = -5*a - d + 71, 2*d - d - 1 = 0. Suppose 0 = -2*k - 3*o + a, 0*k - 2*k = -4*o. Suppose y = -k*y - 25. What is v(y)?
4
Suppose 4*j + 5*l = -6, -3*l = 10*j - 12*j + 8. Let n(x) = x + 4*x - 1 - 2*x. What is n(j)?
2
Let v = 368 + -367. Let t(h) = -4*h**2 + 3*h + 1. Let a(o) = 8*o**2 - 7*o - 3. Let r(w) = 2*a(w) + 5*t(w). What is r(v)?
-4
Let v be 3 + (11 - 22) - -23. Let y(k) = -k**2 + 16*k - 7. Calculate y(v).
8
Let h(a) be the first derivative of -a**2/2 + 8*a + 175. Calculate h(-6).
14
Let o(x) = 3*x - 4. Suppose -v = -5*h + 9, -4*h + 5 = -4*v - 15. What is o(v)?
-16
Let p(x) = -35*x + 70*x - 3 + 2 - 34*x + 0. What is p(-3)?
-4
Let z = 12 - -1. Let g be z/4 + 12/16. Let f(w) = -w**3 + 4*w**2 + 2*w - 1. What is f(g)?
7
Let c = -53 - -70. Let r(u) = 10*u**2 - c*u**2 + 3 + 4*u + 10*u**2. Determine r(-2).
7
Let u(w) = -26 - 22 - 22 + 7*w - 28 + 61. Determine u(7).
12
Let y(q) be the first derivative of -q**4/4 - 2*q**3/3 + 3*q**2/2 - q + 44. Calculate y(-4).
19
Let t(r) = 0*r**2 + r**2 + r + 0*r**2 + 1 + 5. Let h(m) = -m**3 + m**2. Let v be h(0). Give t(v).
6
Let a(t) = -18*t + 56. Let l(o) = -8*o + 27. Let d(v) = 3*a(v) - 7*l(v). Calculate d(10).
-1
Let m = 4 - 7. Let d(g) be the second derivative of 10*g + 0 + 1/2*g**2 + 1/2*g**3. Calculate d(m).
-8
Let b(h) be the third derivative of h**7/5040 - h**6/720 + 2*h**5/15 - 12*h**2. Let d(g) be the third derivative of b(g). Calculate d(1).
0
Let h(g) = g**3 - 4*g**2 - 6*g + 4. Suppose n + 10 = 15. What is h(n)?
-1
Let h be (-54)/5 - 3/15. Let k = 12 + h. Let g(y) be the third derivative of y**4/24 + 2*y**2. What is g(k)?
1
Let j(n) be the first derivative of 5*n**2/2 + 18*n - 221. Determine j(-5).
-7
Let g = -44 + 36. Let l(q) = q**3 + 8*q**2 - 4. Give l(g).
-4
Let a(n) be the third derivative of n**6/120 - 7*n**5/60 + n**4/4 - 3*n**3/2 + 2*n**2 - 13. Give a(6).
-9
Let a(t) = -t**3 - 10*t**2 - 11*t + 2. Let j = 1406 + -1415. Give a(j).
20
Let c(v) = -3*v**2 - 7*v - 45. Let o(h) be the first derivative of -4*h**3/3 - 5*h**2 - 67*h - 5. Let r(g) = -7*c(g) + 5*o(g). What is r(0)?
-20
Let h(g) = -g**3 + g**2 - 1. Let f be h(1). Let w(i) = 3 + 15*i - 2 - 12*i - 2*i. Calculate w(f).
0
Let y be 30/25 + (-4 - 24/(-5)). Let b(q) = 4*q**2 - 2*q - 4. Calculate b(y).
8
Let k(z) be the third derivative of -z**6/120 + z**5/12 + z**4/6 + 5*z**3/3 - 8*z**2 + 1. What is k(6)?
-2
Suppose 15*s - 69 = 6. Let n(r) = -r**2 + 5*r + 4. Calculate n(s).
4
Let a(z) = -11*z + 128. Let s be a(10). Let r(g) = -g**3 + 18*g**2 - g + 14. Determine r(s).
-4
Let s(o) be the first derivative of 6 + 3/2*o**2 + 6*o. What is s(-4)?
-6
Let m = 923 - 921. Let v be 1 - -1 - (1 + 1). Let g(w) = -1 + v + 3 + w**2. Determine g(m).
6
Let y(m) be the first derivative of -16*m**3/3 - m**2/2 - 2*m - 251. Calculate y(-1).
-17
Let w be (27/(-15))/((-3)/(3 + 12)). Let r(g) = -g**2 + 12*g - 14. Calculate r(w).
13
Suppose 2*d = 5*d - 15. Suppose -4*b = -a - 4 + 27, 0 = -2*a - d*b - 6. Let g(c) = -2*c**2 - a*c**2 + 8*c**2 - 5*c. Give g(-5).
0
Let o(r) = 5*r**3 + 15*r**2 + 4*r + 2. Let d(z) = 3*z**3 + 10*z**2 + 3*z + 1. Let u(v) = -8*d(v) + 5*o(v). Give u(5).
-18
Suppose 3*m = -3*g + 18, 4*m - 5*g - 2 = -14. Suppose -2*f + k + 15 = 0, -10 + 50 = 5*f - 3*k. Let a(o) = 4 - 4*o**2 - 1 - f + 4*o. Give a(m).
-10
Suppose 61 = -4*a + 41. Let f(v) = 33 - 29 + 3*v**2 - 4*v - 4*v**2. Determine f(a).
-1
Let w(f) = f**3 + f**2 - 1. Let a be (-192)/36*(-6)/4. Let s = a - 4. Suppose -i = s*i - 5. What is w(i)?
1
Let v = 368 + -371. Let a(i) = -2*i - 7. Give a(v).
-1
Let p be 5/(10/(-4))*-13. Let w(g) = -g**2 + p*g - 1 - 61*g + 20*g + 20*g. Let o be (-5)/4*(0 - 4). What is w(o)?
-1
Suppose -5*n + 5*v + 60 = -0*v, -3*n = 2*v - 36. Let q(o) = n - 14 + 10 + o + 5. Let s(y) = -y**2. Let f be s(0). What is q(f)?
13
Let q(c) = c**3 + c**2 - c - 8. Suppose 4*j = 3*y - 4*y - 5, -5*j + 4*y = -20. What is q(j)?
-8
Let t be ((-24)/9 + 3)*-9. Suppose -2*r + 0*r = 0. Let b(d) = r + 2*d + 3 - 2 - 5. Calculate b(t).
-10
Suppose -5*d - 24 = 3*n - 6*n, 3*d + n = -20. Let g = 10 + d. Let m(y) be the second derivative of -2*y**3/3 + 5*y**2/2 - 76*y. Calculate m(g).
-11
Let i(n) = -n**2 + 6*n + 23. Let x be (-336)/105*3/((-18)/15). Give i(x).
7
Suppose 32*m = 28*m + 4*w - 36, -5*m - 18 = 4*w. Suppose -l - 5*s - 3 = 19, 27 = 4*l - 3*s. Let j(z) = -l + 3 - 6*z + 3 - z**2. What is j(m)?
3
Let b(h) = h**2 + 11*h + 4. Let y be b(-7). Let q be 18/8*y/(-9). Let i(w) = 17*w - 7. Let d(n) = -8*n + 3. Let c(g) = q*i(g) + 13*d(g). Determine c(-3).
3
Let f(p) = p - 4. Let l be f(8). Let g be 2/l - (-14)/4. Let h(u) = 6 - 3 - 53*u + 54*u. Calculate h(g).
7
Let v(z) = z**3 - 23*z**2 + 60*z + 8. Let n be v(20). Let i(b) = -3*b + 19. Give i(n).
-5
Let k(q) = 19*q - 10. Let a(w) = 17*w - 7. Let b(z) = 5*a(z) - 4*k(z). What is b(-2)?
-13
Let i(l) = 3*l**3 - 6*l**2 + 3*l - 2. Let t be i(2). Let w(d) = 5 - d - 1 + t. What is w(6)?
2
Let d(q) = 30*q**3 - 2*q**2 + 1. Let w = 1374 + -1375. Determine d(w).
-31
Let f = -64 + 60. Let n(j) = 2*j. Let v(y) = 1. Let s(g) = n(g) + 3*v(g). What is s(f)?
-5
Let v(c) = -27*c + 37*c + 8*c**3 + 9*c**2 - 7*c**3 + 3. Let t(o) = -2*o**3 - 17*o**2 - 19*o - 7. Let m(k) = 3*t(k) + 5*v(k). Calculate m(-4).
-10
Let r(t) be the second derivative of 3*t**5/10 - t**4/12 + t**3/6 - t**2/2 + 2*t. Suppose 0 = -z - z - 4. Let b be (0/z - -1)*1. Determine r(b).
5
Let w(f) = 10 + 7*f + 2 + 1 - 12. Let r(u) = -3*u + 3. Let s be r(-3). Let n = 9 - s. Give w(n).
-20
Let t(d) be the third derivative of -7*d**4/6 - 11*d**2 - 3. Give t(1).
-28
Let l(s) = -s**3 + 2*s**2 - 2*s + 4. Let c be 39/4 - 4/(-16). Suppose -3 = -c*h + 9*h. What is l(h)?
-11
Suppose 4*c - 12 = 0, 5*s - 26 = 10*c - 7*c. Let t be (-36)/24 + s/2. Let v(k) = -k**3 + 4*k**2 - 3*k + 2. Calculate v(t).
4
Let y = 212 - 218. Let d(x) = -2*x - 11. Determine d(y).
1
Suppose 5*f = 7*f - 24. Suppose 0 = -5*n + 2*n + f. Let h(s) = 5 + n*s**2 + 2*s**2 + 0*s**2 + 5*s - 9 + s**3. Give h(-5).
-4
Let n(u) = 4*u + 28. Let j be n(-16). Let a be (j/8)/((-3)/(-4)). Let b(d) = 3*d - 3. Let c(h) = -h + 1. Let p(x) = -b(x) - 4*c(x). Determine p(a).
-7
Let k(f) = -f**3 - 23*f**2 - 21*f + 31. Let v be k(-22). Let s(g) = -g**2 + 6*g + 11. Determine s(v).
-16
Let b(u) = -4*u + 43. Let t be (805/(-92) + 5)/((-6)/16). What is b(t)?
3
Let j(m) be the first derivative of m**2/2 + 5*m - 108. Determine j(-13).
-8
Let o(n) = -n**3 - 6*n**2 + 2*n + 7. Let l(u) = -u**2 - 2*u - 3. Suppose c = 4*c. Suppose 0 = -c*b - 5*b - 15. Let g be l(b). What is o(g)?
-5
Suppose -l - 5*h + 0 - 8 = 0, -5*l = 5*h. Suppose -l*j + a = -4*a + 35, 4*j + a = -15. Let w(f) = -f**2 - 5*f + 5